 multiple of 1364?
True
Is 101 a factor of 25642688?
True
Is 74005848 a multiple of 7?
True
Is 11333250 a multiple of 18?
True
Is 483 a factor of 101325672?
True
Does 948 divide 83486301?
False
Does 33 divide 110978373?
True
Does 1794 divide 122883618?
True
Is 140 a factor of 1126160?
True
Is 1178 a factor of 2414327979?
False
Does 1098 divide 39398124?
False
Does 80 divide 25040135?
False
Does 903 divide 81116070?
False
Is 36 a factor of 1363317984?
True
Is 344379447 a multiple of 8?
False
Is 158 a factor of 13381172?
False
Is 15 a factor of 762154393?
False
Is 129 a factor of 213005435?
False
Is 812588364 a multiple of 1108?
True
Is 6 a factor of 65299263?
False
Does 8 divide 6230904?
True
Does 65 divide 174855070?
True
Does 159 divide 266113371?
True
Is 100655949 a multiple of 66?
False
Is 20 a factor of 2768530?
False
Is 441 a factor of 15947648?
False
Is 9601250 a multiple of 266?
False
Is 1928 a factor of 52376400?
False
Does 335 divide 284513492?
False
Does 14 divide 1312495055?
False
Does 6 divide 834575940?
True
Is 1843 a factor of 887778629?
True
Is 50203594 a multiple of 14?
True
Is 17 a factor of 5020150?
False
Does 138 divide 3557966?
False
Is 138687900 a multiple of 149?
False
Is 150 a factor of 51093600?
True
Is 159818087 a multiple of 11?
True
Is 593 a factor of 3451788363?
True
Does 7620 divide 1381203718?
False
Is 583 a factor of 67652045?
False
Is 20 a factor of 57802397?
False
Is 51608562 a multiple of 68?
False
Is 1180 a factor of 1164165301?
False
Is 426 a factor of 153068751?
False
Does 142 divide 8348038?
True
Is 12454362 a multiple of 6?
True
Is 20961458 a multiple of 1246?
True
Is 129660624 a multiple of 18?
True
Does 2523 divide 36225234?
True
Is 3739340 a multiple of 10?
True
Is 53 a factor of 162523121?
False
Is 2632 a factor of 498578439?
False
Is 14054922 a multiple of 2022?
True
Does 19 divide 134810624?
True
Is 9 a factor of 331208475?
False
Is 2095 a factor of 76440796?
False
Is 24948623 a multiple of 132?
False
Is 4193 a factor of 572642203?
True
Is 119640488 a multiple of 31?
False
Does 5 divide 327086968?
False
Is 5356885 a multiple of 8?
False
Is 82662144 a multiple of 384?
True
Is 5397 a factor of 1547195769?
True
Is 4375 a factor of 2205441194?
False
Does 42 divide 6080149?
False
Is 20 a factor of 1944099320?
True
Is 4198183 a multiple of 37?
False
Is 441 a factor of 182046517?
False
Is 35 a factor of 25554340?
True
Is 9672240 a multiple of 211?
True
Is 360 a factor of 3703858858?
False
Is 55523966 a multiple of 1007?
True
Does 59 divide 379108276?
True
Is 6 a factor of 10500108?
True
Is 111912706 a multiple of 478?
True
Is 9 a factor of 1994900523?
False
Is 980792 a multiple of 44?
False
Does 12 divide 1740160662?
False
Does 89 divide 2807149?
True
Is 194426744 a multiple of 1076?
True
Is 152 a factor of 11059167?
False
Is 10 a factor of 2145996?
False
Is 3383050 a multiple of 177?
False
Does 6384 divide 409999632?
True
Does 1134 divide 3871953414?
True
Is 26 a factor of 3642197824?
False
Is 26309479 a multiple of 50?
False
Does 353 divide 91073038?
False
Is 5 a factor of 9353714?
False
Is 116 a factor of 281145175?
False
Does 166 divide 827222322?
True
Does 496 divide 143403024?
True
Is 26971464 a multiple of 39?
True
Does 121 divide 1656874699?
False
Is 30718415 a multiple of 181?
True
Is 318 a factor of 157387740?
True
Does 32 divide 11159040?
True
Is 81004840 a multiple of 1813?
True
Is 49 a factor of 92849324?
False
Is 76 a factor of 28472659?
False
Is 346753764 a multiple of 252?
True
Is 455 a factor of 13762642?
False
Is 10320606 a multiple of 207?
True
Does 14 divide 26832335?
False
Is 1681 a factor of 10106172?
True
Is 92678129 a multiple of 14?
False
Is 582407735 a multiple of 1939?
True
Is 962 a factor of 90627865?
False
Does 651 divide 12482499?
False
Is 51 a factor of 20547339?
True
Is 24 a factor of 29422583?
False
Is 4 a factor of 1299835756?
True
Does 19 divide 126485395?
False
Is 316 a factor of 7314007?
False
Is 725230559 a multiple of 197?
False
Is 3 a factor of 232863469?
False
Is 113 a factor of 25829427?
True
Is 744530066 a multiple of 8?
False
Does 9 divide 16961958?
True
Does 3 divide 164149394?
False
Is 191951083 a multiple of 242?
False
Is 15 a factor of 4419730170?
True
Does 5572 divide 6929673520?
True
Does 2090 divide 107234716?
False
Is 97936932 a multiple of 708?
True
Does 4565 divide 4069441860?
True
Is 24 a factor of 4004106144?
True
Is 140 a factor of 157235540?
True
Is 45905535 a multiple of 13?
True
Is 2249 a factor of 623613965?
True
Is 15 a factor of 9508680?
True
Does 426 divide 31744668?
True
Does 84 divide 15931094?
False
Is 1612 a factor of 24627085?
False
Does 2900 divide 377342200?
True
Is 179442900 a multiple of 315?
True
Is 94 a factor of 2538825?
False
Is 173 a factor of 121093599?
True
Is 131781162 a multiple of 174?
True
Is 384 a factor of 101169792?
True
Is 73 a factor of 141515026?
True
Does 11 divide 25895048?
False
Is 4 a factor of 503704145?
False
Is 4856888 a multiple of 404?
True
Is 67176 a multiple of 24?
True
Is 1668569 a multiple of 2?
False
Is 729790119 a multiple of 369?
True
Is 365 a factor of 19672419?
False
Is 1633831946 a multiple of 98?
False
Is 23056556 a multiple of 2?
True
Does 330 divide 34919280?
True
Is 52219608 a multiple of 12?
True
Does 229 divide 749774257?
False
Does 17 divide 38803707?
True
Is 58574376 a multiple of 2282?
True
Is 153 a factor of 79793072?
False
Is 54 a factor of 244233303?
False
Is 152039169 a multiple of 24?
False
Is 1447 a factor of 1283027407?
True
Is 108 a factor of 294529500?
True
Does 11 divide 32217239?
False
Is 140 a factor of 121412107?
False
Is 7 a factor of 616793821?
True
Is 325470 a multiple of 30?
True
Is 197 a factor of 23293395?
False
Is 3 a factor of 365492141?
False
Does 39 divide 5955850111?
False
Is 7 a factor of 795036495?
False
Does 8 divide 704487854?
False
Is 161025570 a multiple of 15?
True
Is 2747295 a multiple of 5?
True
Does 135 divide 9816120?
True
Does 27 divide 474120?
True
Is 364669999 a multiple of 9?
False
Is 20181370 a multiple of 302?
False
Is 139 a factor of 263525930?
True
Is 81 a factor of 29393966?
False
Does 325 divide 377410150?
True
Does 2106 divide 844502266?
False
Is 30 a factor of 66511828?
False
Is 306977308 a multiple of 86?
False
Is 83 a factor of 1595482108?
True
Does 146 divide 192977106?
True
Does 9 divide 44264785?
False
Is 27881865 a multiple of 1265?
True
Does 232 divide 88107800?
True
Does 35 divide 547901153?
False
Is 460 a factor of 1690277820?
True
Is 12 a factor of 434541876?
True
Does 4227 divide 330196332?
True
Does 516 divide 2362083912?
True
Is 3118 a factor of 119157488?
True
Is 810093340 a multiple of 20?
True
Is 90482066 a multiple of 19?
True
Does 472 divide 2293448?
True
Is 96022580 a multiple of 236?
False
Does 60 divide 43041840?
True
Is 230 a factor of 1753057010?
True
Does 248 divide 42950872?
True
Is 929909169 a multiple of 1001?
False
Is 16399320 a multiple of 12?
True
Does 857 divide 99651103?
True
Is 596 a factor of 1196291200?
True
Is 3239 a factor of 276445411?
True
Is 312967 a multiple of 5?
False
Is 37 a factor of 7940685?
False
Is 8 a factor of 498920246?
False
Is 146909984 a multiple of 13?
True
Is 2271 a factor of 166402983?
True
Is 110 a factor of 20666548?
False
Is 8 a factor of 14665428?
False
Is 2388 a factor of 707975593?
False
Does 2048 divide 9205760?
True
Is 35593903 a multiple of 24?
False
Does 57 divide 419291658?
True
Does 27 divide 3990001?
False
Is 45951615 a multiple of 45?
True
Is 49 a factor of 333883648?
True
Does 1559 divide 1510410647?
True
Does 146 divide 3085870162?
True
Is 322913136 a multiple of 56?
True
Is 31 a factor of 286781277?
False
Is 92775320 a multiple of 11?
True
Is 3 a factor of 11206754?
False
Is 280255271 a multiple of 20?
False
Is 17 a factor of 12712855?
True
Is 1365456696 a multiple of 8997?
True
Does 234 divide 4420572001?
False
Is 348166870 a multiple of 230?
True
Does 2352 divide 3002782474?
False
Is 111 a factor of 5797419?
True
Is 26274810 a multiple of 185?
True
Does 3548 divide 487594544?
True
Is 60019247 a multiple of 119?
False
Does 76 divide 21347488?
True
Is 23 a factor of 144422101?
False
Is 1531710042 a multiple of 19?
True
Is 19846344 a multiple of 24?
True
Does 23 divid